{"id":69,"date":"2025-02-28T08:05:57","date_gmt":"2025-02-28T05:05:57","guid":{"rendered":"https:\/\/femeros.siparisci.com\/?page_id=69"},"modified":"2025-03-09T17:19:39","modified_gmt":"2025-03-09T14:19:39","slug":"sikca-sorulan-sorular","status":"publish","type":"page","link":"https:\/\/femeros.com\/?page_id=69","title":{"rendered":"S\u0131k\u00e7a Sorulan Sorular"},"content":{"rendered":"<div class=\"wp-block-group alignfull has-no-underline is-layout-constrained wp-container-core-group-is-layout-4 wp-block-group-is-layout-constrained\" style=\"margin-top:0;margin-bottom:0;padding-top:0;padding-right:0;padding-bottom:0;padding-left:0\"><div class=\"wp-block-group alignfull has-cool-to-warm-spectrum-gradient-background has-background is-layout-constrained wp-container-core-group-is-layout-3 wp-block-group-is-layout-constrained\" style=\"border-style:none;border-width:0px;padding-top:var(--wp--preset--spacing--20);padding-right:var(--wp--preset--spacing--40);padding-bottom:var(--wp--preset--spacing--20);padding-left:var(--wp--preset--spacing--40)\"><div class=\"wp-block-group alignwide is-layout-flow wp-container-core-group-is-layout-2 wp-block-group-is-layout-flow\" style=\"margin-top:0;margin-bottom:0\"><div class=\"wp-block-group is-layout-flow wp-block-group-is-layout-flow\" style=\"border-style:none;border-width:0px;padding-top:0;padding-bottom:var(--wp--preset--spacing--10)\"><div class=\"wp-block-media-text is-stacked-on-mobile\" style=\"grid-template-columns:31% auto\"><figure class=\"wp-block-media-text__media\"><img loading=\"lazy\" decoding=\"async\" width=\"400\" height=\"150\" src=\"https:\/\/femeros.siparisci.com\/wp-content\/uploads\/2025\/02\/Adsiz-tasarim-13.png\" alt=\"\" class=\"wp-image-43 size-full\" srcset=\"https:\/\/femeros.com\/wp-content\/uploads\/2025\/02\/Adsiz-tasarim-13.png 400w, https:\/\/femeros.com\/wp-content\/uploads\/2025\/02\/Adsiz-tasarim-13-300x113.png 300w\" sizes=\"auto, (max-width: 400px) 100vw, 400px\" \/><\/figure><div class=\"wp-block-media-text__content\"><p class=\"has-foreground-color has-text-color has-link-color has-crimson-pro-font-family has-large-font-size wp-elements-37856004f4ed9e2057b66e0a93932900\" style=\"font-style:normal;font-weight:900\">S\u0131k\u00e7a Sorulan Sorular<\/p><\/div><\/div><\/div><\/div><\/div><\/div><details class=\"wp-block-details has-background-color has-blush-light-purple-gradient-background has-text-color has-background has-link-color wp-elements-0e69a8cb4f907fa4b582031913311aad is-layout-flow wp-container-core-details-is-layout-1 wp-block-details-is-layout-flow\" style=\"padding-top:var(--wp--preset--spacing--40);padding-bottom:var(--wp--preset--spacing--40)\"><summary><strong>\u2728femeros g\u00fcvenilir mi?<\/strong><\/summary><p>Kesinlikle! femeros, kad\u0131nlar\u0131n kendini ke\u015ffetmesini destekleyen bir markad\u0131r. \u00dcr\u00fcnlerimiz y\u00fcksek kalite standartlar\u0131na sahiptir ve g\u00fcvenli malzemelerle \u00fcretilmi\u015ftir. Ayr\u0131ca, t\u00fcm sipari\u015fler \u00f6zenle ve gizli paketleme ile g\u00f6nderilir. <\/p><\/details><details class=\"wp-block-details has-background-color has-blush-light-purple-gradient-background has-text-color has-background has-link-color wp-elements-e05279cf582067303739f35f88df6e4a is-layout-flow wp-container-core-details-is-layout-2 wp-block-details-is-layout-flow\" style=\"padding-top:var(--wp--preset--spacing--40);padding-bottom:var(--wp--preset--spacing--40)\"><summary><strong><strong>\ud83d\udd04 \u0130ade ve de\u011fi\u015fim yapabilir miyim?<\/strong><\/strong><\/summary><p>Evet! 45 g\u00fcn boyunca iade ve de\u011fi\u015fim garantisi sunuyoruz. Bu garanti hijyen nedeniyle paketi a\u00e7\u0131lmam\u0131\u015f \u00fcr\u00fcnler i\u00e7in ge\u00e7erlidir. E\u011fer \u00fcr\u00fcn\u00fcnle ilgili bir sorun ya\u015farsan, bizimle ileti\u015fime ge\u00e7men yeterli.<\/p><\/details><details class=\"wp-block-details has-background-color has-blush-light-purple-gradient-background has-text-color has-background has-link-color wp-elements-5c9e2226cd3bfd84038cfa310db898e7 is-layout-flow wp-container-core-details-is-layout-3 wp-block-details-is-layout-flow\" style=\"padding-top:var(--wp--preset--spacing--40);padding-bottom:var(--wp--preset--spacing--40)\"><summary><strong><strong><strong>\ud83d\udcd6 Kullan\u0131m talimatlar\u0131 var m\u0131?<\/strong><\/strong><\/strong><\/summary><p>Evet! T\u00fcm \u00fcr\u00fcnlerimizin yan\u0131nda detayl\u0131 ve anla\u015f\u0131l\u0131r kullan\u0131m talimatlar\u0131 bulunur.<\/p><\/details><details class=\"wp-block-details has-background-color has-blush-light-purple-gradient-background has-text-color has-background has-link-color wp-elements-858df527e18e050279bafc457aa322a9 is-layout-flow wp-container-core-details-is-layout-4 wp-block-details-is-layout-flow\" style=\"padding-top:var(--wp--preset--spacing--40);padding-bottom:var(--wp--preset--spacing--40)\"><summary><strong><strong><strong>\ud83d\udecd \u00dcr\u00fcnleriniz nas\u0131l bir deneyim sunuyor?<\/strong><\/strong><\/strong><\/summary><p>femeros \u00fcr\u00fcnleri, v\u00fccuduna dost, g\u00fcvenli ve etkili malzemelerle \u00fcretilmi\u015ftir. Kullan\u0131m kolayl\u0131\u011f\u0131 ve konforu \u00f6n planda tutarak tasarland\u0131\u011f\u0131 i\u00e7in her deneyim \u00f6zel ve keyiflidir.<\/p><\/details><details class=\"wp-block-details has-background-color has-blush-light-purple-gradient-background has-text-color has-background has-link-color wp-elements-c9ffdf367aea82563729108e3f3ce7cc is-layout-flow wp-container-core-details-is-layout-5 wp-block-details-is-layout-flow\" style=\"padding-top:var(--wp--preset--spacing--40);padding-bottom:var(--wp--preset--spacing--40)\"><summary><strong><strong><strong>\ud83d\udd1e femeros \u00fcr\u00fcnlerini kimler kullanabilir?<\/strong><\/strong><\/strong><\/summary><p>femeros, 18 ya\u015f ve \u00fczeri herkesin kendini ke\u015ffetmesi ve hazz\u0131n\u0131 sahiplenmesi i\u00e7in tasarland\u0131.<\/p><\/details><details class=\"wp-block-details has-background-color has-blush-light-purple-gradient-background has-text-color has-background has-link-color wp-elements-758eb604fbf673856d565c0bb61c3bf5 is-layout-flow wp-container-core-details-is-layout-6 wp-block-details-is-layout-flow\" style=\"padding-top:var(--wp--preset--spacing--40);padding-bottom:var(--wp--preset--spacing--40)\"><summary><strong><strong><strong>\ud83d\udce6 Sipari\u015fim nas\u0131l paketlenecek?<\/strong><\/strong><\/strong><\/summary><p>Gizlili\u011fin senin i\u00e7in ne kadar \u00f6nemli oldu\u011funu biliyoruz. Bu y\u00fczden t\u00fcm sipari\u015fler d\u0131\u015far\u0131dan i\u00e7eri\u011fi belli olmayan, sade ve g\u00fcvenli paketlerle g\u00f6nderilir.<\/p><\/details><details class=\"wp-block-details has-background-color has-blush-light-purple-gradient-background has-text-color has-background has-link-color wp-elements-f78b6f6fad6b24576db99b3d990d98b3 is-layout-flow wp-container-core-details-is-layout-7 wp-block-details-is-layout-flow\" style=\"padding-top:var(--wp--preset--spacing--40);padding-bottom:var(--wp--preset--spacing--40)\"><summary><strong><strong><strong>\ud83d\udc9c femeros\u2019un di\u011fer seks shoplardan fark\u0131 nedir?<\/strong><\/strong><\/strong><\/summary><p><strong><em>femeros bir seks shop de\u011fil. <\/em><\/strong>Biz, kad\u0131nlar i\u00e7in \u00f6zel olarak tasarlanm\u0131\u015f g\u00fcvenilir, kaliteli ve haz odakl\u0131 bir markay\u0131z. Rastgele ithal edilen, kayna\u011f\u0131 belirsiz \u00fcr\u00fcnler yerine, hassasiyetle tasarlanm\u0131\u015f, uzun \u00f6m\u00fcrl\u00fc ve etkili haz ara\u00e7lar\u0131 sunuyoruz.<\/p>\n\n<p><strong><em>femeros\u2019ta her \u015fey kad\u0131nlar i\u00e7in, kad\u0131nlara g\u00f6re tasarland\u0131. \u00c7\u00fcnk\u00fc haz, bir l\u00fcks de\u011fil; senin hakk\u0131n!<\/em><\/strong><\/p><\/details><details class=\"wp-block-details has-background-color has-blush-light-purple-gradient-background has-text-color has-background has-link-color wp-elements-dd51d8535156cfb6b6c6ffe260f8b3e7 is-layout-flow wp-container-core-details-is-layout-8 wp-block-details-is-layout-flow\" style=\"padding-top:var(--wp--preset--spacing--40);padding-bottom:var(--wp--preset--spacing--40)\"><summary><strong><strong><strong>\ud83d\ude9a Kargo s\u00fcreci nas\u0131l i\u015fliyor?<\/strong><\/strong><\/strong><\/summary><p>Paketleme hi\u00e7 bir \u015fekilde \u00fcr\u00fcn\u00fcn i\u00e7eri\u011fi anla\u015f\u0131lmayacak \u015fekilde yap\u0131l\u0131r. Sipari\u015flerin genellikle 24 saat i\u00e7inde kargoya verilir ve bulundu\u011fun yere ba\u011fl\u0131 olarak 1-3 i\u015f g\u00fcn\u00fc i\u00e7inde kap\u0131na ula\u015f\u0131r. Takip numaran ile sipari\u015fini kolayca takip edebilirsin.<\/p>\n\n<p class=\"has-foreground-color has-custom-pembe-background-color has-text-color has-background has-link-color wp-elements-f5487e9b519c4cf24a2261c823510f2c\"><strong>\u00d6nemli not: Yo\u011fun talepten dolay\u0131 kargo s\u00fcrelerimiz 3-5 g\u00fcn\u00fc bulabiliyor, \u00f6z\u00fcr dileriz. Talebi kar\u015f\u0131lamak i\u00e7in gece g\u00fcnd\u00fcz \u00e7al\u0131\u015ft\u0131\u011f\u0131m\u0131zdan emin olabilirsiniz.<\/strong><\/p><\/details>","protected":false},"excerpt":{"rendered":"<p>S\u0131k\u00e7a Sorulan Sorular<\/p>\n","protected":false},"author":1,"featured_media":0,"parent":0,"menu_order":0,"comment_status":"closed","ping_status":"closed","template":"","meta":{"footnotes":""},"class_list":["post-69","page","type-page","status-publish","hentry"],"jetpack_sharing_enabled":true,"_links":{"self":[{"href":"https:\/\/femeros.com\/index.php?rest_route=\/wp\/v2\/pages\/69","targetHints":{"allow":["GET"]}}],"collection":[{"href":"https:\/\/femeros.com\/index.php?rest_route=\/wp\/v2\/pages"}],"about":[{"href":"https:\/\/femeros.com\/index.php?rest_route=\/wp\/v2\/types\/page"}],"author":[{"embeddable":true,"href":"https:\/\/femeros.com\/index.php?rest_route=\/wp\/v2\/users\/1"}],"replies":[{"embeddable":true,"href":"https:\/\/femeros.com\/index.php?rest_route=%2Fwp%2Fv2%2Fcomments&post=69"}],"version-history":[{"count":6,"href":"https:\/\/femeros.com\/index.php?rest_route=\/wp\/v2\/pages\/69\/revisions"}],"predecessor-version":[{"id":199,"href":"https:\/\/femeros.com\/index.php?rest_route=\/wp\/v2\/pages\/69\/revisions\/199"}],"wp:attachment":[{"href":"https:\/\/femeros.com\/index.php?rest_route=%2Fwp%2Fv2%2Fmedia&parent=69"}],"curies":[{"name":"wp","href":"https:\/\/api.w.org\/{rel}","templated":true}]}}