{"id":340,"date":"2025-03-17T12:59:49","date_gmt":"2025-03-17T09:59:49","guid":{"rendered":"https:\/\/femeros.siparisci.com\/?post_type=product&#038;p=340"},"modified":"2025-03-31T20:06:15","modified_gmt":"2025-03-31T17:06:15","slug":"lepus-x","status":"publish","type":"product","link":"https:\/\/femeros.com\/?product=lepus-x","title":{"rendered":"LEPUS X"},"content":{"rendered":"<p>Yepyeni bir deneyim. Penis formunda, \u00e7ift titre\u015fim ve darbeli penetrasyon ile yepyeni bir rabbit vibrat\u00f6r yorumu. Elbette medikal silikon!<\/p>\n<p>&nbsp;<\/p>\n<ul>\n<li>Penis formunda<\/li>\n<li>G-Spot ve klitoris uyar\u0131m\u0131 i\u00e7in \u00e7ift motorlu<\/li>\n<li>\u0130leri geri penetrasyon ile ger\u00e7ek hazz\u0131 a\u015fan bir deneyim.<\/li>\n<li style=\"font-weight: 400;\" aria-level=\"1\"><span style=\"font-weight: 400;\">10 farkl\u0131 frekans darbesi ve titre\u015fim<\/span><\/li>\n<li style=\"font-weight: 400;\" aria-level=\"1\"><span style=\"font-weight: 400;\">Boyutlar: 60*40*205 mm<\/span><\/li>\n<li style=\"font-weight: 400;\" aria-level=\"1\"><span style=\"font-weight: 400;\">\u015earj Modeli: Manyetik<\/span><\/li>\n<li style=\"font-weight: 400;\" aria-level=\"1\"><span style=\"font-weight: 400;\">IPX 6 Su Ge\u00e7irmezlik<\/span><\/li>\n<li style=\"font-weight: 400;\" aria-level=\"1\"><span style=\"font-weight: 400;\">Malzeme: Medikal silikon<\/span><\/li>\n<\/ul>\n","protected":false},"excerpt":{"rendered":"<p>\u00c7ift uyar\u0131m i\u00e7in yepyeni bir deneyim. Penis formunda \u00e7ift titre\u015fimle yepyeni bir rabbit vibrat\u00f6r yorumu. Elbette medikal silikon!<\/p>\n<ul>\n<li>Penis formunda<\/li>\n<li>\u0130\u00e7 ve klitoris uyar\u0131m\u0131 i\u00e7in \u00e7ift motorlu<\/li>\n<li>\u0130leri geri penetrasyon ile ger\u00e7ek hazz\u0131 a\u015fan bir deneyim.<\/li>\n<\/ul>\n","protected":false},"featured_media":370,"comment_status":"open","ping_status":"closed","template":"","meta":[],"product_brand":[],"product_cat":[37],"product_tag":[39,38],"class_list":{"0":"post-340","1":"product","2":"type-product","3":"status-publish","4":"has-post-thumbnail","6":"product_cat-vibrator","7":"product_tag-dildo","8":"product_tag-vibrator","10":"first","11":"instock","12":"sale","13":"taxable","14":"shipping-taxable","15":"purchasable","16":"product-type-simple"},"jetpack_sharing_enabled":true,"_links":{"self":[{"href":"https:\/\/femeros.com\/index.php?rest_route=\/wp\/v2\/product\/340","targetHints":{"allow":["GET"]}}],"collection":[{"href":"https:\/\/femeros.com\/index.php?rest_route=\/wp\/v2\/product"}],"about":[{"href":"https:\/\/femeros.com\/index.php?rest_route=\/wp\/v2\/types\/product"}],"replies":[{"embeddable":true,"href":"https:\/\/femeros.com\/index.php?rest_route=%2Fwp%2Fv2%2Fcomments&post=340"}],"wp:featuredmedia":[{"embeddable":true,"href":"https:\/\/femeros.com\/index.php?rest_route=\/wp\/v2\/media\/370"}],"wp:attachment":[{"href":"https:\/\/femeros.com\/index.php?rest_route=%2Fwp%2Fv2%2Fmedia&parent=340"}],"wp:term":[{"taxonomy":"product_brand","embeddable":true,"href":"https:\/\/femeros.com\/index.php?rest_route=%2Fwp%2Fv2%2Fproduct_brand&post=340"},{"taxonomy":"product_cat","embeddable":true,"href":"https:\/\/femeros.com\/index.php?rest_route=%2Fwp%2Fv2%2Fproduct_cat&post=340"},{"taxonomy":"product_tag","embeddable":true,"href":"https:\/\/femeros.com\/index.php?rest_route=%2Fwp%2Fv2%2Fproduct_tag&post=340"}],"curies":[{"name":"wp","href":"https:\/\/api.w.org\/{rel}","templated":true}]}}